What is the remainder when 1461098 is divided by 62?
6
What is the remainder when 16871281 is divided by 27?
7
What is the remainder when 2888983 is divided by 517?
504
Calculate the remainder when 356279 is divided by 17813.
19
Calculate the remainder when 47274199 is divided by 4982.
1
Calculate the remainder when 3786695 is divided by 4963.
4889
What is the remainder when 136795 is divided by 27349?
50
Calculate the remainder when 623970 is divided by 607.
581
Calculate the remainder when 2604 is divided by 1916.
688
What is the remainder when 14686 is divided by 490?
476
What is the remainder when 27856417 is divided by 902?
853
What is the remainder when 2545076 is divided by 598?
586
What is the remainder when 3294086540 is divided by 79?
77
Calculate the remainder when 340135 is divided by 907.
10
What is the remainder when 2238292 is divided by 117796?
168
Calculate the remainder when 3588721 is divided by 184.
169
Calculate the remainder when 52547675 is divided by 91.
89
What is the remainder when 53703 is divided by 6?
3
What is the remainder when 19293 is divided by 18896?
397
What is the remainder when 17675238 is divided by 11?
9
What is the remainder when 117799 is divided by 23354?
1029
What is the remainder when 20748 is divided by 1693?
432
Calculate the remainder when 46407 is divided by 184.
39
What is the remainder when 3376833 is divided by 259?
250
What is the remainder when 67061948 is divided by 11176990?
8
What is the remainder when 212075 is divided by 68783?
5726
What is the remainder when 28272440 is divided by 5654487?
5
Calculate the remainder when 178258 is divided by 792.
58
What is the remainder when 5284843 is divided by 4456?
27
Calculate the remainder when 20484038 is divided by 11993.
11987
What is the remainder when 1636756 is divided by 33398?
254
Calculate the remainder when 1659621 is divided by 13707.
1074
Calculate the remainder when 1190362 is divided by 119012.
242
What is the remainder when 3207962 is divided by 797?
37
What is the remainder when 876169 is divided by 43806?
49
Calculate the remainder when 33096174 is divided by 70119.
6
Calculate the remainder when 10606258 is divided by 4769.
2
Calculate the remainder when 6274306 is divided by 9912.
10
What is the remainder when 524722 is divided by 34981?
7
Calculate the remainder when 17758448 is divided by 71.
70
Calculate the remainder when 92581 is divided by 23074.
285
Calculate the remainder when 9153066 is divided by 12.
6
Calculate the remainder when 22716010 is divided by 22715965.
45
What is the remainder when 9967070 is divided by 996702?
50
Calculate the remainder when 601931 is divided by 152.
11
Calculate the remainder when 273537 is divided by 4233.
2625
What is the remainder when 145343137 is divided by 1415?
1412
What is the remainder when 10783658 is divided by 2010?
8
What is the remainder when 111727 is divided by 1092?
343
What is the remainder when 10079307 is divided by 1497?
6
What is the remainder when 142929 is divided by 272?
129
What is the remainder when 104197 is divided by 16356?
6061
What is the remainder when 7670539 is divided by 2699?
2680
Calculate the remainder when 205173 is divided by 205103.
70
Calculate the remainder when 1856182 is divided by 1158.
1066
Calculate the remainder when 4293056 is divided by 1342.
1340
Calculate the remainder when 24712134 is divided by 2246557.
7
What is the remainder when 5778574 is divided by 106?
90
What is the remainder when 46285443 is divided by 19?
18
Calculate the remainder when 3767404 is divided by 900.
4
Calculate the remainder when 338886 is divided by 4401.
9
What is the remainder when 1217671 is divided by 93660?
91
What is the remainder when 972023 is divided by 7535?
8
Calculate the remainder when 3765779 is divided by 15.
14
What is the remainder when 163784 is divided by 10918?
14
What is the remainder when 1018659973 is divided by 25?
23
Calculate the remainder when 28157158 is divided by 2904.
2878
Calculate the remainder when 34387 is divided by 1013.
958
Calculate the remainder when 1289801 is divided by 56078.
7
What is the remainder when 293184 is divided by 19305?
3609
Calculate the remainder when 6826119 is divided by 2725.
2719
Calculate the remainder when 10431210 is divided by 3271.
3262
What is the remainder when 81095 is divided by 19604?
2679
Calculate the remainder when 9094466 is divided by 2170.
2166
What is the remainder when 9045899 is divided by 2070?
2069
What is the remainder when 473189 is divided by 1842?
1637
Calculate the remainder when 22971614 is divided by 1767047.
3
What is the remainder when 1076484 is divided by 2286?
2064
Calculate the remainder when 3877090 is divided by 129.
124
Calculate the remainder when 4939 is divided by 1636.
31
What is the remainder when 12589589 is divided by 10194?
10193
What is the remainder when 76575753 is divided by 15071?
2
What is the remainder when 211262438 is divided by 13?
10
Calculate the remainder when 193802 is divided by 63504.
3290
Calculate the remainder when 19986 is divided by 1007.
853
What is the remainder when 76422 is divided by 9551?
14
What is the remainder when 152327002 is divided by 2386?
2376
What is the remainder when 19980 is divided by 8635?
2710
Calculate the remainder when 13614508 is divided by 455.
453
What is the remainder when 117007 is divided by 56?
23
What is the remainder when 399060 is divided by 3?
0
Calculate the remainder when 259219 is divided by 297.
235
What is the remainder when 1029851 is divided by 4103?
4101
Calculate the remainder when 1967552 is divided by 1176.
104
What is the remainder when 37535 is divided by 37470?
65
Calculate the remainder when 11900133 is divided by 125262.
243
Calculate the remainder when 38737590 is divided by 106.
102
Calculate the remainder when 15447077 is divided by 66013.
35
What is the remainder when 34251 is divided by 650?
451
Calculate the remainder when 334400 is divided by 975.
950
Calculate the remainder when 896158 is divided by 87.
58
What is the remainder when 10710405 is divided by 3570132?
9
Calculate the remainder when 23159822 is divided by 269.
267
What is the remainder when 306975 is divided by 2192?
95
Calculate the remainder when 42025 is divided by 13516.
1477
Calculate the remainder when 7025718 is divided by 156124.
138
Calculate the remainder when 280006 is divided by 2736.
934
What is the remainder when 46460 is divided by 1126?
294
What is the remainder when 75670 is divided by 1146?
34
Calculate the remainder when 2019348 is divided by 3376.
500
What is the remainder when 223969 is divided by 31965?
214
Calculate the remainder when 3049966 is divided by 1401.
1390
Calculate the remainder when 387225 is divided by 69.
66
What is the remainder when 2073498 is divided by 16?
10
Calculate the remainder when 31216 is divided by 15466.
284
What is the remainder when 12974412 is divided by 2404?
24
Calculate the remainder when 85376 is divided by 2762.
2516
Calculate the remainder when 63073947 is divided by 23104.
27
What is the remainder when 3553108 is divided by 15720?
388
Calculate the remainder when 13512032 is divided by 209.
182
Calculate the remainder when 32540 is divided by 10795.
155
What is the remainder when 179101 is divided by 10525?
176
Calculate the remainder when 2078123227 is divided by 587.
586
What is the remainder when 3355107 is divided by 712?
163
What is the remainder when 2134670 is divided by 306?
14
What is the remainder when 5826151 is divided by 11401?
240
What is the remainder when 1674322 is divided by 1057?
34
What is the remainder when 195833 is divided by 3318?
71
What is the remainder when 3974 is divided by 1211?
341
What is the remainder when 7962483 is divided by 7962392?
91
What is the remainder when 1171385 is divided by 666?
557
What is the remainder when 4774192 is divided by 167?
163
What is the remainder when 10285 is divided by 4828?
629
What is the remainder when 6354123 is divided by 183?
180
Calculate the remainder when 432229 is divided by 99.
94
Calculate the remainder when 1878150 is divided by 651.
15
Calculate the remainder when 315006 is divided by 62838.
816
What is the remainder when 182126 is divided by 779?
619
Calculate the remain